-288. Determine v(g).
-1
Let g(u) be the second derivative of -u**4/2 - u**2/2 - 2*u. Let p be 2 + 1 - 6 - -6. Let w be 0/2 - p/(-3). What is g(w)?
-7
Let n be -9 - -1 - 10/5. Let t(w) = w**2 + 15*w + 20. Let b be t(n). Let h be (-4)/(-3) - 20/b. Let z(i) = -7*i - 1. What is z(h)?
-15
Let c(p) = -5*p - 17. Let d(x) = -x - 1. Let w(f) = -c(f) + 6*d(f). Suppose 10*j = 5*z + 8*j - 46, -7 = z + 5*j. Give w(z).
3
Suppose 0 = 8*r - 0*r + 224. Let x = 37 + r. Let c(p) = -p**2 + 7*p + 9. What is c(x)?
-9
Suppose -34*g = -37*g + 6. Let k(f) = -21 + 48 - g*f - 23. Determine k(-4).
12
Let u(v) be the second derivative of -v + 1/30*v**5 + 1/4*v**4 + 5/6*v**3 + 0 + 1/360*v**6 + 0*v**2. Let r(d) be the second derivative of u(d). Determine r(-4).
6
Let c(y) = y**3 + 5*y**2 + 2*y - 2. Let p(s) = -s - 2. Let v be p(-4). Let l be (2/v)/((-1)/(-2)). Let w be (-12)/4 - (-1 + l). Determine c(w).
6
Let b(c) = 0*c**2 - 5194*c - 6 + c**2 + 5204*c. Determine b(-8).
-22
Let k(d) = d**2 + 6*d - 5. Let o(h) = 10*h + 5*h + 2*h**2 - 4 - 11*h + 2*h. Let f(a) = 3*k(a) - 2*o(a). Give f(6).
-7
Let t = 796 - 802. Let l(u) = u**2 + 7*u - 7. Calculate l(t).
-13
Let a(g) = g**2 + 6*g + 7. Let s be a(-5). Let o be -2 + (0 - (-4 - -1)). Let n(u) = -u + 1 + s - 5 - o. What is n(5)?
-8
Let k(d) be the first derivative of 9*d**2/2 + 2*d + 187. Determine k(-2).
-16
Suppose n - 3 = s + s, 0 = -5*n + 4*s + 9. Let b = -2 + n. Let u(t) = 4*t**3 + 2*t + 1. What is u(b)?
-5
Let f(z) = -4*z + 3. Let w be f(2). Let y(u) = -55 - 47 + 2*u - 11*u - u**2 + 107 + 5*u. Calculate y(w).
0
Let g(f) = 72*f + 2 + 2 - 70*f. Suppose -6*l + l = 5*k + 30, -2*l = 0. Determine g(k).
-8
Suppose 61 = 4*u + 41. Let d(q) be the second derivative of -2/5*q**u - 1/6*q**3 - 1/12*q**4 + 0*q**2 + 0 + 8*q. Determine d(-1).
8
Let x(s) = -1 - 3*s + 2 - 2. Suppose 7*f - 14*f = 91. Let z = f + 14. Calculate x(z).
-4
Let m(f) = -11*f**2 - 24*f + 18. Let a(v) = -5*v**2 - 11*v + 8. Let s(b) = -7*a(b) + 3*m(b). Calculate s(-4).
10
Let h(f) be the third derivative of f**5/60 - 3*f**4/8 - 3*f**3/2 + f**2 - 28. Calculate h(10).
1
Let w be ((-2)/6)/(15/45). Let x(f) = -12*f**2 + f. Give x(w).
-13
Let y(x) be the first derivative of -x**3/3 + x**2/2 - 6*x + 124. Give y(0).
-6
Let w(y) = 2*y**3 - 11*y**2 - 4*y - 8. Let a be w(6). Let j(g) = -g**3 + 5*g**2 - 2*g - 2. Give j(a).
6
Suppose 4*c = -12, -1 = -2*l + c - 10. Let z = 2 + l. Let p(u) = -u**2 - 6*u - 1. Determine p(z).
7
Let q(m) = -3 + m + 2 - 8*m. Let n be (-4)/(-10)*40 + -14. Calculate q(n).
-15
Let s(h) = -h**2 + h. Let p be (4 + -1)/(-3)*1. Let f(b) = b**2 - 4. Let x(a) = p*f(a) - 2*s(a). Suppose 2 + 7 = 3*y. Calculate x(y).
7
Let p(q) = 13*q - 4 - 6*q**2 + 5*q**2 - 7*q + 0*q. Calculate p(6).
-4
Let w(i) be the first derivative of -3*i - 1/2*i**2 + 8. Calculate w(3).
-6
Let z(k) be the first derivative of 7*k**5/120 - k**4/24 + 7*k**3/3 - 34. Let c(w) be the third derivative of z(w). Give c(-1).
-8
Let v(w) = 7*w + 37. Let d(k) = -6*k - 36. Let g(u) = -4*d(u) - 3*v(u). Let o be g(-9). Let q(c) = 2*c + 1. Determine q(o).
13
Let r be (4/10)/((-3)/105). Let v = 15 + r. Let q(y) = -2*y**3 - y. What is q(v)?
-3
Suppose -2883*c - 10 = -2878*c. Let r(y) = -7*y - 5. Give r(c).
9
Suppose -o - 3*z - 16 = -2*o, 5*z + 20 = 0. Let f(t) = -10*t**3 - 6 + 9*t**3 - o*t**2 + 0*t**2 - 2*t**2. Determine f(-6).
-6
Let y(p) = p**2 - p - 1. Let i be (-2)/6*(-7 - -4). Let f(b) = b**3 + 2*b**2 + 6*b + 3. Let v(z) = i*f(z) + 3*y(z). Give v(-2).
6
Suppose -q + 12 = -2*j, 0*j + 12 = -2*j - 2*q. Let p(y) = -y**2 - 7*y. What is p(j)?
6
Let p(j) = 3*j + 1. Let a(y) = -36*y - 6. Let x(q) = -a(q) - 10*p(q). Calculate x(2).
8
Let y(v) = -4*v + 22. Let t = -306 - -311. What is y(t)?
2
Let q(j) = -j**2 + 5*j + 8. Let m = -663 + 669. Give q(m).
2
Let z(x) be the second derivative of x**4/12 + x**3/3 - 7*x**2/2 + 2*x - 45. What is z(2)?
1
Suppose -11*b = -6*b - 60. Suppose 5*n = 8*n + b. Let z(x) = x**2 + x + 3. Calculate z(n).
15
Let f be (-26)/10 - 6/15. Let j(r) be the third derivative of -5*r**4/24 - 2*r**3/3 + 436*r**2. Determine j(f).
11
Let v(r) = -2*r**2 + 2*r + 2. Let u(i) = -2*i + 9. Let y be u(6). Let g be (y - -4) + (-1)/(-1). Suppose 0 = g*l + a, -12 = 5*l - l + 5*a. Determine v(l).
-2
Suppose 2*w + 2*w + 31 = -5*g, -35 = 5*w + 5*g. Let r(h) be the first derivative of h**3/3 - h**2/2 - 4*h + 1. What is r(w)?
16
Let z(d) = -4*d**2 - 2*d + 2. Suppose 5*t = -20, 0 = 63*l - 67*l - 4*t - 12. Determine z(l).
-4
Let v = 66 + -61. Let s(d) = 2*d**2 - d + 7*d - 3*d - v*d. Determine s(3).
12
Let t(c) be the first derivative of c**2/2 - 14*c + 425. Give t(8).
-6
Let x(k) = k**3 + 5*k**2 + 3*k - 2. Let j be x(-4). Let o(a) = -j*a - 7*a + 3 + 7*a. Suppose 5*g = 10 + 10. Give o(g).
-5
Suppose -4*x - h = -4, -2*x - 2*h + 0*h = 4. Suppose 0 = 2*t + x + 4. Let z be t + 3 + 8 - 3. Let q(v) = -v + 3. Give q(z).
-2
Let x be (12/10)/((-18)/(-300)). Let s be (x/(-16))/(1/(-16)). Suppose 4*c + 4 = s. Let g(p) = p**3 - 4*p**2 + p + 4. Give g(c).
8
Let n = 44 - 32. Let t(z) = -2 + 47*z - n*z - 24*z. Calculate t(2).
20
Let i(h) be the second derivative of -33*h + 0 + 5/6*h**3 - 1/2*h**2. Give i(-1).
-6
Let h = 30 - 25. Let p(v) = -v**2 + v**3 - 3*v**2 + 1 - 3*v - v. What is p(h)?
6
Let r(v) = 2*v - 1. Let q(m) = 7*m - 9. Let w(u) = -q(u) + 6*r(u). Calculate w(-2).
-7
Let r = 1141 + -1137. Let j(c) = 1 + c - 5 - 4*c. What is j(r)?
-16
Let a(f) = 8*f**2 - 5*f - 5*f**2 - 2*f**2 - 5. Let i be (8/10)/((-8)/20). Let t(q) = -2*q + 1. Let r be t(i). Give a(r).
-5
Let y(k) = 5*k + 21. Suppose 0 = -10*r - 69 + 29. Calculate y(r).
1
Let o(b) = 3*b + 7 + 3 - 10. What is o(0)?
0
Let w(a) be the first derivative of -a**3/3 + 2*a**2 - 101. Calculate w(3).
3
Let q(v) = -v**2 + 6*v - 3. Suppose 0 = 3*z + g - 16, 3 = 2*z + 2*g - 5. Determine q(z).
-3
Let d(m) = 5*m**2 + 4*m - 4. Let f(k) = k**2. Let l(w) = -d(w) + 4*f(w). Let g = -7 - 127. Let j = 130 + g. Determine l(j).
4
Let l(b) = -b**3 - b**2 + 4. Let o(p) = 89*p + 886. Let c be o(-10). Determine l(c).
52
Let z(i) = -i**2 + i + 4. Suppose -3*t + 3 + 26 = -5*f, 2*f - 4 = -4*t. Give z(t).
-2
Let m(u) be the third derivative of -u**4/2 - u**3/6 + 8*u**2 + 2*u. Determine m(-1).
11
Let v(b) be the second derivative of b**4/12 + b**3/2 + b**2 + 5*b + 5. Give v(-1).
0
Let f(y) be the second derivative of -y**5/20 - y**4/3 - y**3/2 - 2*y**2 + y. Suppose t - 43*m + 44*m = -1, t + 13 = 3*m. Determine f(t).
8
Let p(z) = 19*z**3 - 78*z**2 - 104*z - 107. Let b(s) = -3*s**3 + 13*s**2 + 17*s + 18. Let j(v) = 13*b(v) + 2*p(v). What is j(14)?
6
Let s(w) = -w - 3. Let f be 1/2*(11 + -5). Let p(q) = -q + 7. Let o be p(f). What is s(o)?
-7
Let j(q) = 3*q**3 - 1. Let b be j(1). Let c be (-2)/(-5)*1*b*10. Let f(d) = -d**2 + 9*d - 9. Determine f(c).
-1
Let t(y) = -65*y + 194*y - 62*y - 68*y + 14 - 18. Suppose 34 - 10 = -3*s. Give t(s).
4
Suppose -s - 6 = s. Let d be 10/s*(-96)/(-80). Let w(r) = r**3 + 5*r**2 + 4*r - 1. Let l be w(d). Let x(i) = i**2 - i - 1. Give x(l).
1
Let s(z) = 7*z**2 - 178*z - 100. Let h be s(26). Let t(k) be the second derivative of 0*k**2 + 0 + k - 1/6*k**3. Calculate t(h).
-4
Let y(j) = -j + 8. Let z be y(4). Let u(f) be the first derivative of f**3/3 - f**2/2 - 2*f + 64. Give u(z).
10
Let z(y) = -66*y + 126*y + 2 - 52*y. Determine z(-1).
-6
Let s(v) be the first derivative of -7*v**2/2 - 13. Suppose -4*l - 2*y + 4 = 0, -4*y + y + 17 = -5*l. Determine s(l).
7
Let l(o) = -17*o - 25. Let v(p) = -60*p - 90. Let s(a) = 18*l(a) - 5*v(a). Calculate s(-5).
30
Let p be (3 - (-12)/(-3))*1*-2. Let v(t) = -6*t**2 + 1 + 18*t**p - 9*t**2. Give v(-2).
13
Let s(p) be the second derivative of p**3/6 + p**2 + 10*p. Let z be (2/5)/((-7)/(-35)). Suppose 0*x - 12 = -z*x + 3*f, 0 = 3*x + f + 4. What is s(x)?
2
Let u(l) = 2*l**2 - 6*l**3 + 3*l + 7*l**3 + 2 + 0*l. Let w = -128 + 126. Give u(w).
-4
Let y(f) be the first derivative of -f**2/2 + 6*f - 351. Suppose -3*l - 2*i = -19, -4*i + 3 + 0 = -l. What is y(l)?
1
Suppose 6*y + 10 = 4*y. Suppose 14 = 9*n - 7*n. Let u(h) = -2*h**2 + 3 + n*h**2 + 6*h + 2*h**2 + h**3 - h**2. Calculate u(y).
-2
Let t be -6*3/(-6) + 2. Let f(u) be the second derivative of -u**4/12 + 5*u**3/6 - u**2 + 2*u. What is f(t)?
-2
Let x(z) be the third derivative of z**6/120 + 11*z**